{"id":324,"date":"2020-08-27T09:14:09","date_gmt":"2020-08-27T14:14:09","guid":{"rendered":"http:\/\/sistemasgenesis.com.ec\/blogwebgenesis\/?page_id=324"},"modified":"2020-08-28T09:10:59","modified_gmt":"2020-08-28T14:10:59","slug":"enlaces","status":"publish","type":"page","link":"http:\/\/sistemasgenesis.com.ec\/blogwebgenesis\/enlaces\/","title":{"rendered":"Enlaces de Utilidad:"},"content":{"rendered":"\t\t<div data-elementor-type=\"wp-page\" data-elementor-id=\"324\" class=\"elementor elementor-324\" data-elementor-settings=\"[]\">\n\t\t\t\t\t\t<div class=\"elementor-inner\">\n\t\t\t\t\t\t\t<div class=\"elementor-section-wrap\">\n\t\t\t\t\t\t\t<section class=\"elementor-section elementor-top-section elementor-element elementor-element-337f613 elementor-section-boxed elementor-section-height-default elementor-section-height-default\" data-id=\"337f613\" data-element_type=\"section\">\n\t\t\t\t\t\t<div class=\"elementor-container elementor-column-gap-default\">\n\t\t\t\t\t\t\t<div class=\"elementor-row\">\n\t\t\t\t\t<div class=\"elementor-column elementor-col-100 elementor-top-column elementor-element elementor-element-0a52000\" data-id=\"0a52000\" data-element_type=\"column\">\n\t\t\t<div class=\"elementor-column-wrap elementor-element-populated\">\n\t\t\t\t\t\t\t<div class=\"elementor-widget-wrap\">\n\t\t\t\t\t\t<div class=\"elementor-element elementor-element-7076ac9 elementor-widget elementor-widget-heading\" data-id=\"7076ac9\" data-element_type=\"widget\" data-widget_type=\"heading.default\">\n\t\t\t\t<div class=\"elementor-widget-container\">\n\t\t\t<h1 class=\"elementor-heading-title elementor-size-medium\">Enlaces externos de Utilidad<\/h1>\t\t<\/div>\n\t\t\t\t<\/div>\n\t\t\t\t\t\t<\/div>\n\t\t\t\t\t<\/div>\n\t\t<\/div>\n\t\t\t\t\t\t\t\t<\/div>\n\t\t\t\t\t<\/div>\n\t\t<\/section>\n\t\t\t\t<section class=\"elementor-section elementor-top-section elementor-element elementor-element-c1c0ebb elementor-section-boxed elementor-section-height-default elementor-section-height-default\" data-id=\"c1c0ebb\" data-element_type=\"section\">\n\t\t\t\t\t\t<div class=\"elementor-container elementor-column-gap-default\">\n\t\t\t\t\t\t\t<div class=\"elementor-row\">\n\t\t\t\t\t<div class=\"elementor-column elementor-col-33 elementor-top-column elementor-element elementor-element-16812e1\" data-id=\"16812e1\" data-element_type=\"column\">\n\t\t\t<div class=\"elementor-column-wrap elementor-element-populated\">\n\t\t\t\t\t\t\t<div class=\"elementor-widget-wrap\">\n\t\t\t\t\t\t<div class=\"elementor-element elementor-element-1f4edc6 elementor-widget elementor-widget-image\" data-id=\"1f4edc6\" data-element_type=\"widget\" data-widget_type=\"image.default\">\n\t\t\t\t<div class=\"elementor-widget-container\">\n\t\t\t\t\t<div class=\"elementor-image\">\n\t\t\t\t\t\t\t\t\t\t\t<a href=\"https:\/\/www.iess.gob.ec\/\">\n\t\t\t\t\t\t\t<img width=\"400\" height=\"400\" src=\"http:\/\/sistemasgenesis.com.ec\/blogwebgenesis\/wp-content\/uploads\/2020\/08\/ClRK1DPZ.jpg\" class=\"attachment-large size-large\" alt=\"\" loading=\"lazy\" srcset=\"http:\/\/sistemasgenesis.com.ec\/blogwebgenesis\/wp-content\/uploads\/2020\/08\/ClRK1DPZ.jpg 400w, http:\/\/sistemasgenesis.com.ec\/blogwebgenesis\/wp-content\/uploads\/2020\/08\/ClRK1DPZ-300x300.jpg 300w, http:\/\/sistemasgenesis.com.ec\/blogwebgenesis\/wp-content\/uploads\/2020\/08\/ClRK1DPZ-150x150.jpg 150w\" sizes=\"(max-width: 400px) 100vw, 400px\" \/>\t\t\t\t\t\t\t\t<\/a>\n\t\t\t\t\t\t\t\t\t\t\t<\/div>\n\t\t\t\t<\/div>\n\t\t\t\t<\/div>\n\t\t\t\t<div class=\"elementor-element elementor-element-9617f95 elementor-widget elementor-widget-text-editor\" data-id=\"9617f95\" data-element_type=\"widget\" data-widget_type=\"text-editor.default\">\n\t\t\t\t<div class=\"elementor-widget-container\">\n\t\t\t\t\t<div class=\"elementor-text-editor elementor-clearfix\"><p style=\"text-align: center;\"><strong>Portal del IESS.<\/strong><\/p><\/div>\n\t\t\t\t<\/div>\n\t\t\t\t<\/div>\n\t\t\t\t\t\t<\/div>\n\t\t\t\t\t<\/div>\n\t\t<\/div>\n\t\t\t\t<div class=\"elementor-column elementor-col-33 elementor-top-column elementor-element elementor-element-b82664d\" data-id=\"b82664d\" data-element_type=\"column\">\n\t\t\t<div class=\"elementor-column-wrap elementor-element-populated\">\n\t\t\t\t\t\t\t<div class=\"elementor-widget-wrap\">\n\t\t\t\t\t\t<div class=\"elementor-element elementor-element-bd5d33b elementor-widget elementor-widget-image\" data-id=\"bd5d33b\" data-element_type=\"widget\" data-widget_type=\"image.default\">\n\t\t\t\t<div class=\"elementor-widget-container\">\n\t\t\t\t\t<div class=\"elementor-image\">\n\t\t\t\t\t\t\t\t\t\t\t<a href=\"https:\/\/www.sri.gob.ec\/web\/guest\/home\">\n\t\t\t\t\t\t\t<img width=\"640\" height=\"640\" src=\"http:\/\/sistemasgenesis.com.ec\/blogwebgenesis\/wp-content\/uploads\/2020\/08\/unnamed-2-768x768.jpg\" class=\"attachment-medium_large size-medium_large\" alt=\"\" loading=\"lazy\" srcset=\"http:\/\/sistemasgenesis.com.ec\/blogwebgenesis\/wp-content\/uploads\/2020\/08\/unnamed-2-768x768.jpg 768w, http:\/\/sistemasgenesis.com.ec\/blogwebgenesis\/wp-content\/uploads\/2020\/08\/unnamed-2-300x300.jpg 300w, http:\/\/sistemasgenesis.com.ec\/blogwebgenesis\/wp-content\/uploads\/2020\/08\/unnamed-2-150x150.jpg 150w, http:\/\/sistemasgenesis.com.ec\/blogwebgenesis\/wp-content\/uploads\/2020\/08\/unnamed-2.jpg 900w\" sizes=\"(max-width: 640px) 100vw, 640px\" \/>\t\t\t\t\t\t\t\t<\/a>\n\t\t\t\t\t\t\t\t\t\t\t<\/div>\n\t\t\t\t<\/div>\n\t\t\t\t<\/div>\n\t\t\t\t<div class=\"elementor-element elementor-element-a9431df elementor-widget elementor-widget-text-editor\" data-id=\"a9431df\" data-element_type=\"widget\" data-widget_type=\"text-editor.default\">\n\t\t\t\t<div class=\"elementor-widget-container\">\n\t\t\t\t\t<div class=\"elementor-text-editor elementor-clearfix\"><p style=\"text-align: center;\"><strong>Servicio de Rentas Internas.<\/strong><\/p><\/div>\n\t\t\t\t<\/div>\n\t\t\t\t<\/div>\n\t\t\t\t\t\t<\/div>\n\t\t\t\t\t<\/div>\n\t\t<\/div>\n\t\t\t\t<div class=\"elementor-column elementor-col-33 elementor-top-column elementor-element elementor-element-9343b47\" data-id=\"9343b47\" data-element_type=\"column\">\n\t\t\t<div class=\"elementor-column-wrap elementor-element-populated\">\n\t\t\t\t\t\t\t<div class=\"elementor-widget-wrap\">\n\t\t\t\t\t\t<div class=\"elementor-element elementor-element-79c35aa elementor-widget elementor-widget-image\" data-id=\"79c35aa\" data-element_type=\"widget\" data-widget_type=\"image.default\">\n\t\t\t\t<div class=\"elementor-widget-container\">\n\t\t\t\t\t<div class=\"elementor-image\">\n\t\t\t\t\t\t\t\t\t\t\t<a href=\"https:\/\/portal.compraspublicas.gob.ec\/sercop\/\">\n\t\t\t\t\t\t\t<img width=\"200\" height=\"200\" src=\"http:\/\/sistemasgenesis.com.ec\/blogwebgenesis\/wp-content\/uploads\/2020\/08\/sercop.jpg\" class=\"attachment-large size-large\" alt=\"\" loading=\"lazy\" srcset=\"http:\/\/sistemasgenesis.com.ec\/blogwebgenesis\/wp-content\/uploads\/2020\/08\/sercop.jpg 200w, http:\/\/sistemasgenesis.com.ec\/blogwebgenesis\/wp-content\/uploads\/2020\/08\/sercop-150x150.jpg 150w\" sizes=\"(max-width: 200px) 100vw, 200px\" \/>\t\t\t\t\t\t\t\t<\/a>\n\t\t\t\t\t\t\t\t\t\t\t<\/div>\n\t\t\t\t<\/div>\n\t\t\t\t<\/div>\n\t\t\t\t<div class=\"elementor-element elementor-element-65497e7 elementor-widget elementor-widget-text-editor\" data-id=\"65497e7\" data-element_type=\"widget\" data-widget_type=\"text-editor.default\">\n\t\t\t\t<div class=\"elementor-widget-container\">\n\t\t\t\t\t<div class=\"elementor-text-editor elementor-clearfix\"><p style=\"text-align: center;\">Portal de Compras P\u00fablicas.<\/p><\/div>\n\t\t\t\t<\/div>\n\t\t\t\t<\/div>\n\t\t\t\t\t\t<\/div>\n\t\t\t\t\t<\/div>\n\t\t<\/div>\n\t\t\t\t\t\t\t\t<\/div>\n\t\t\t\t\t<\/div>\n\t\t<\/section>\n\t\t\t\t<section class=\"elementor-section elementor-top-section elementor-element elementor-element-652ea15 elementor-section-boxed elementor-section-height-default elementor-section-height-default\" data-id=\"652ea15\" data-element_type=\"section\">\n\t\t\t\t\t\t<div class=\"elementor-container elementor-column-gap-default\">\n\t\t\t\t\t\t\t<div class=\"elementor-row\">\n\t\t\t\t\t<div class=\"elementor-column elementor-col-100 elementor-top-column elementor-element elementor-element-2a69ad3\" data-id=\"2a69ad3\" data-element_type=\"column\">\n\t\t\t<div class=\"elementor-column-wrap elementor-element-populated\">\n\t\t\t\t\t\t\t<div class=\"elementor-widget-wrap\">\n\t\t\t\t\t\t<div class=\"elementor-element elementor-element-3ac9a0e elementor-widget-divider--separator-type-pattern elementor-widget-divider--view-line elementor-widget elementor-widget-divider\" data-id=\"3ac9a0e\" data-element_type=\"widget\" data-widget_type=\"divider.default\">\n\t\t\t\t<div class=\"elementor-widget-container\">\n\t\t\t\t\t<div class=\"elementor-divider\" style=\"--divider-pattern-url: url(&quot;data:image\/svg+xml,%3Csvg xmlns=&#039;http:\/\/www.w3.org\/2000\/svg&#039; preserveAspectRatio=&#039;none&#039; overflow=&#039;visible&#039; height=&#039;100%&#039; viewBox=&#039;0 0 24 24&#039; fill=&#039;none&#039; stroke=&#039;black&#039; stroke-width=&#039;1&#039; stroke-linecap=&#039;square&#039; stroke-miterlimit=&#039;10&#039;%3E%3Cpolyline points=&#039;0,18 12,6 24,18 &#039;\/%3E%3C\/svg%3E&quot;);\">\n\t\t\t<span class=\"elementor-divider-separator\">\n\t\t\t\t\t\t<\/span>\n\t\t<\/div>\n\t\t\t\t<\/div>\n\t\t\t\t<\/div>\n\t\t\t\t\t\t<\/div>\n\t\t\t\t\t<\/div>\n\t\t<\/div>\n\t\t\t\t\t\t\t\t<\/div>\n\t\t\t\t\t<\/div>\n\t\t<\/section>\n\t\t\t\t<section class=\"elementor-section elementor-top-section elementor-element elementor-element-306ec02 elementor-section-boxed elementor-section-height-default elementor-section-height-default\" data-id=\"306ec02\" data-element_type=\"section\">\n\t\t\t\t\t\t<div class=\"elementor-container elementor-column-gap-default\">\n\t\t\t\t\t\t\t<div class=\"elementor-row\">\n\t\t\t\t\t<div class=\"elementor-column elementor-col-100 elementor-top-column elementor-element elementor-element-28e6234\" data-id=\"28e6234\" data-element_type=\"column\">\n\t\t\t<div class=\"elementor-column-wrap elementor-element-populated\">\n\t\t\t\t\t\t\t<div class=\"elementor-widget-wrap\">\n\t\t\t\t\t\t<div class=\"elementor-element elementor-element-5ff4948 elementor-widget elementor-widget-heading\" data-id=\"5ff4948\" data-element_type=\"widget\" data-widget_type=\"heading.default\">\n\t\t\t\t<div class=\"elementor-widget-container\">\n\t\t\t<h1 class=\"elementor-heading-title elementor-size-medium\">Canales de Informaci\u00f3n Oficiales:<\/h1>\t\t<\/div>\n\t\t\t\t<\/div>\n\t\t\t\t\t\t<\/div>\n\t\t\t\t\t<\/div>\n\t\t<\/div>\n\t\t\t\t\t\t\t\t<\/div>\n\t\t\t\t\t<\/div>\n\t\t<\/section>\n\t\t\t\t<section class=\"elementor-section elementor-top-section elementor-element elementor-element-05acb0a elementor-section-boxed elementor-section-height-default elementor-section-height-default\" data-id=\"05acb0a\" data-element_type=\"section\">\n\t\t\t\t\t\t<div class=\"elementor-container elementor-column-gap-default\">\n\t\t\t\t\t\t\t<div class=\"elementor-row\">\n\t\t\t\t\t<div class=\"elementor-column elementor-col-100 elementor-top-column elementor-element elementor-element-436589b\" data-id=\"436589b\" data-element_type=\"column\">\n\t\t\t<div class=\"elementor-column-wrap elementor-element-populated\">\n\t\t\t\t\t\t\t<div class=\"elementor-widget-wrap\">\n\t\t\t\t\t\t<div class=\"elementor-element elementor-element-26a30cc elementor-tabs-view-horizontal elementor-widget elementor-widget-tabs\" data-id=\"26a30cc\" data-element_type=\"widget\" data-widget_type=\"tabs.default\">\n\t\t\t\t<div class=\"elementor-widget-container\">\n\t\t\t\t\t<div class=\"elementor-tabs\" role=\"tablist\">\n\t\t\t<div class=\"elementor-tabs-wrapper\">\n\t\t\t\t\t\t\t\t\t<div id=\"elementor-tab-title-4051\" class=\"elementor-tab-title elementor-tab-desktop-title\" data-tab=\"1\" role=\"tab\" aria-controls=\"elementor-tab-content-4051\"><a href=\"\">IESS<\/a><\/div>\n\t\t\t\t\t\t\t\t\t<div id=\"elementor-tab-title-4052\" class=\"elementor-tab-title elementor-tab-desktop-title\" data-tab=\"2\" role=\"tab\" aria-controls=\"elementor-tab-content-4052\"><a href=\"\">Comunicacion EC<\/a><\/div>\n\t\t\t\t\t\t\t\t\t<div id=\"elementor-tab-title-4053\" class=\"elementor-tab-title elementor-tab-desktop-title\" data-tab=\"3\" role=\"tab\" aria-controls=\"elementor-tab-content-4053\"><a href=\"\">Superintendecia Bcos.<\/a><\/div>\n\t\t\t\t\t\t\t\t\t<div id=\"elementor-tab-title-4054\" class=\"elementor-tab-title elementor-tab-desktop-title\" data-tab=\"4\" role=\"tab\" aria-controls=\"elementor-tab-content-4054\"><a href=\"\">Superintendecia Cias.<\/a><\/div>\n\t\t\t\t\t\t\t\t\t<div id=\"elementor-tab-title-4055\" class=\"elementor-tab-title elementor-tab-desktop-title\" data-tab=\"5\" role=\"tab\" aria-controls=\"elementor-tab-content-4055\"><a href=\"\">Min. Gobierno<\/a><\/div>\n\t\t\t\t\t\t\t<\/div>\n\t\t\t<div class=\"elementor-tabs-content-wrapper\">\n\t\t\t\t\t\t\t\t\t<div class=\"elementor-tab-title elementor-tab-mobile-title\" data-tab=\"1\" role=\"tab\">IESS<\/div>\n\t\t\t\t\t<div id=\"elementor-tab-content-4051\" class=\"elementor-tab-content elementor-clearfix\" data-tab=\"1\" role=\"tabpanel\" aria-labelledby=\"elementor-tab-title-4051\"><p><div id=\"ctf\" class=\"ctf\" data-ctfshortcode=\"{&quot;screenname&quot;: &quot;IESSec&quot;, &quot;num&quot;: &quot;2&quot;}\"><div class=\"ctf-error\"><div class=\"ctf-error-user\"><\/div><\/div><\/div><\/p><\/div>\n\t\t\t\t\t\t\t\t\t<div class=\"elementor-tab-title elementor-tab-mobile-title\" data-tab=\"2\" role=\"tab\">Comunicacion EC<\/div>\n\t\t\t\t\t<div id=\"elementor-tab-content-4052\" class=\"elementor-tab-content elementor-clearfix\" data-tab=\"2\" role=\"tabpanel\" aria-labelledby=\"elementor-tab-title-4052\"><p><div id=\"ctf\" class=\"ctf\" data-ctfshortcode=\"{&quot;screenname&quot;: &quot;ComunicacionEc&quot;, &quot;num&quot;: &quot;2&quot;}\"><div class=\"ctf-error\"><div class=\"ctf-error-user\"><\/div><\/div><\/div><\/p><\/div>\n\t\t\t\t\t\t\t\t\t<div class=\"elementor-tab-title elementor-tab-mobile-title\" data-tab=\"3\" role=\"tab\">Superintendecia Bcos.<\/div>\n\t\t\t\t\t<div id=\"elementor-tab-content-4053\" class=\"elementor-tab-content elementor-clearfix\" data-tab=\"3\" role=\"tabpanel\" aria-labelledby=\"elementor-tab-title-4053\"><p><div id=\"ctf\" class=\"ctf\" data-ctfshortcode=\"{&quot;screenname&quot;: &quot;superbancosEC&quot;, &quot;num&quot;: &quot;2&quot;}\"><div class=\"ctf-error\"><div class=\"ctf-error-user\"><\/div><\/div><\/div><\/p><\/div>\n\t\t\t\t\t\t\t\t\t<div class=\"elementor-tab-title elementor-tab-mobile-title\" data-tab=\"4\" role=\"tab\">Superintendecia Cias.<\/div>\n\t\t\t\t\t<div id=\"elementor-tab-content-4054\" class=\"elementor-tab-content elementor-clearfix\" data-tab=\"4\" role=\"tabpanel\" aria-labelledby=\"elementor-tab-title-4054\"><p><div id=\"ctf\" class=\"ctf\" data-ctfshortcode=\"{&quot;screenname&quot;: &quot;SuperciasEC&quot;, &quot;num&quot;: &quot;2&quot;}\"><div class=\"ctf-error\"><div class=\"ctf-error-user\"><\/div><\/div><\/div><\/p><\/div>\n\t\t\t\t\t\t\t\t\t<div class=\"elementor-tab-title elementor-tab-mobile-title\" data-tab=\"5\" role=\"tab\">Min. Gobierno<\/div>\n\t\t\t\t\t<div id=\"elementor-tab-content-4055\" class=\"elementor-tab-content elementor-clearfix\" data-tab=\"5\" role=\"tabpanel\" aria-labelledby=\"elementor-tab-title-4055\"><p><div id=\"ctf\" class=\"ctf\" data-ctfshortcode=\"{&quot;screenname&quot;: &quot;MinGobiernoEc&quot;, &quot;num&quot;: &quot;2&quot;}\"><div class=\"ctf-error\"><div class=\"ctf-error-user\"><\/div><\/div><\/div><\/p><\/div>\n\t\t\t\t\t\t\t<\/div>\n\t\t<\/div>\n\t\t\t\t<\/div>\n\t\t\t\t<\/div>\n\t\t\t\t\t\t<\/div>\n\t\t\t\t\t<\/div>\n\t\t<\/div>\n\t\t\t\t\t\t\t\t<\/div>\n\t\t\t\t\t<\/div>\n\t\t<\/section>\n\t\t\t\t\t\t<\/div>\n\t\t\t\t\t\t<\/div>\n\t\t\t\t\t<\/div>\n\t\t","protected":false},"excerpt":{"rendered":"<p>Enlaces externos de Utilidad Portal del IESS. Servicio de Rentas Internas. Portal de Compras P\u00fablicas. Canales de Informaci\u00f3n Oficiales: IESS Comunicacion EC Superintendecia Bcos. Superintendecia Cias. Min. Gobierno IESS IESSFollow IESS@IESSec&middot;13h #IESSCuidaDeTi | En coordinaci\u00f3n con el personal del Hospital B\u00e1sico Dur\u00e1n y el equipo TOA, se entreg\u00f3 medicaci\u00f3n a pacientes vulnerables de los sectores [&hellip;]<\/p>\n","protected":false},"author":1,"featured_media":0,"parent":0,"menu_order":0,"comment_status":"closed","ping_status":"closed","template":"","meta":[],"yoast_head":"<!-- This site is optimized with the Yoast SEO plugin v14.9 - https:\/\/yoast.com\/wordpress\/plugins\/seo\/ -->\r\n<title>Enlaces de Utilidad: - Genesis Blog<\/title>\r\n<meta name=\"robots\" content=\"index, follow, max-snippet:-1, max-image-preview:large, max-video-preview:-1\" \/>\r\n<link rel=\"canonical\" href=\"http:\/\/sistemasgenesis.com.ec\/blogwebgenesis\/enlaces\/\" \/>\r\n<meta property=\"og:locale\" content=\"es_ES\" \/>\r\n<meta property=\"og:type\" content=\"article\" \/>\r\n<meta property=\"og:title\" content=\"Enlaces de Utilidad: - Genesis Blog\" \/>\r\n<meta property=\"og:description\" content=\"Enlaces externos de Utilidad Portal del IESS. Servicio de Rentas Internas. Portal de Compras P\u00fablicas. Canales de Informaci\u00f3n Oficiales: IESS Comunicacion EC Superintendecia Bcos. Superintendecia Cias. Min. Gobierno IESS IESSFollow IESS@IESSec&middot;13h #IESSCuidaDeTi | En coordinaci\u00f3n con el personal del Hospital B\u00e1sico Dur\u00e1n y el equipo TOA, se entreg\u00f3 medicaci\u00f3n a pacientes vulnerables de los sectores [&hellip;]\" \/>\r\n<meta property=\"og:url\" content=\"http:\/\/sistemasgenesis.com.ec\/blogwebgenesis\/enlaces\/\" \/>\r\n<meta property=\"og:site_name\" content=\"Genesis Blog\" \/>\r\n<meta property=\"article:modified_time\" content=\"2020-08-28T14:10:59+00:00\" \/>\r\n<meta property=\"og:image\" content=\"http:\/\/sistemasgenesis.com.ec\/blogwebgenesis\/wp-content\/uploads\/2020\/08\/ClRK1DPZ.jpg\" \/>\r\n<meta name=\"twitter:card\" content=\"summary_large_image\" \/>\r\n<script type=\"application\/ld+json\" class=\"yoast-schema-graph\">{\"@context\":\"https:\/\/schema.org\",\"@graph\":[{\"@type\":\"WebSite\",\"@id\":\"http:\/\/sistemasgenesis.com.ec\/blogwebgenesis\/#website\",\"url\":\"http:\/\/sistemasgenesis.com.ec\/blogwebgenesis\/\",\"name\":\"Genesis Blog\",\"description\":\"Informaci\\u00f3n contable y empresarial\",\"potentialAction\":[{\"@type\":\"SearchAction\",\"target\":\"http:\/\/sistemasgenesis.com.ec\/blogwebgenesis\/?s={search_term_string}\",\"query-input\":\"required name=search_term_string\"}],\"inLanguage\":\"es\"},{\"@type\":\"ImageObject\",\"@id\":\"http:\/\/sistemasgenesis.com.ec\/blogwebgenesis\/enlaces\/#primaryimage\",\"inLanguage\":\"es\",\"url\":\"http:\/\/sistemasgenesis.com.ec\/blogwebgenesis\/wp-content\/uploads\/2020\/08\/ClRK1DPZ.jpg\",\"width\":400,\"height\":400},{\"@type\":\"WebPage\",\"@id\":\"http:\/\/sistemasgenesis.com.ec\/blogwebgenesis\/enlaces\/#webpage\",\"url\":\"http:\/\/sistemasgenesis.com.ec\/blogwebgenesis\/enlaces\/\",\"name\":\"Enlaces de Utilidad: - Genesis Blog\",\"isPartOf\":{\"@id\":\"http:\/\/sistemasgenesis.com.ec\/blogwebgenesis\/#website\"},\"primaryImageOfPage\":{\"@id\":\"http:\/\/sistemasgenesis.com.ec\/blogwebgenesis\/enlaces\/#primaryimage\"},\"datePublished\":\"2020-08-27T14:14:09+00:00\",\"dateModified\":\"2020-08-28T14:10:59+00:00\",\"inLanguage\":\"es\",\"potentialAction\":[{\"@type\":\"ReadAction\",\"target\":[\"http:\/\/sistemasgenesis.com.ec\/blogwebgenesis\/enlaces\/\"]}]}]}<\/script>\r\n<!-- \/ Yoast SEO plugin. -->","_links":{"self":[{"href":"http:\/\/sistemasgenesis.com.ec\/blogwebgenesis\/wp-json\/wp\/v2\/pages\/324"}],"collection":[{"href":"http:\/\/sistemasgenesis.com.ec\/blogwebgenesis\/wp-json\/wp\/v2\/pages"}],"about":[{"href":"http:\/\/sistemasgenesis.com.ec\/blogwebgenesis\/wp-json\/wp\/v2\/types\/page"}],"author":[{"embeddable":true,"href":"http:\/\/sistemasgenesis.com.ec\/blogwebgenesis\/wp-json\/wp\/v2\/users\/1"}],"replies":[{"embeddable":true,"href":"http:\/\/sistemasgenesis.com.ec\/blogwebgenesis\/wp-json\/wp\/v2\/comments?post=324"}],"version-history":[{"count":30,"href":"http:\/\/sistemasgenesis.com.ec\/blogwebgenesis\/wp-json\/wp\/v2\/pages\/324\/revisions"}],"predecessor-version":[{"id":413,"href":"http:\/\/sistemasgenesis.com.ec\/blogwebgenesis\/wp-json\/wp\/v2\/pages\/324\/revisions\/413"}],"wp:attachment":[{"href":"http:\/\/sistemasgenesis.com.ec\/blogwebgenesis\/wp-json\/wp\/v2\/media?parent=324"}],"curies":[{"name":"wp","href":"https:\/\/api.w.org\/{rel}","templated":true}]}}